. What is the highest common factor of 21038 and s?
314
Suppose 2*x - 168 = 2*t, -4*x - 4078 + 4358 = 3*t. What is the highest common factor of x and 7695?
19
Let u = -5 - -29. Suppose -2*c - 3*w + 42 = 0, 4*c + 4*w - 91 = -c. Let g be 1/(c/363) + (-42)/210. What is the greatest common factor of u and g?
24
Let c(g) = -g**3 - 15*g**2 + 20*g - 5. Let m be c(-16). Let l = m - -87. What is the highest common divisor of 90 and l?
18
Let p(x) = 1388*x + 6426. Let o be p(8). What is the highest common factor of 10 and o?
10
Suppose 0 = 2*o - 5*h - 2080, 2*h + 1019 = 2*o - 1079. What is the highest common divisor of 5 and o?
5
Let t(p) = -169*p + 5596. Let q be t(-71). What is the highest common divisor of q and 90?
45
Suppose 495 = -9*o - 2*o. Let x be 3*10/o*21. Let a be (4/9)/(x/(-63)). What is the greatest common factor of 22 and a?
2
Let z(i) = -89*i - 10035. Let a be z(-115). Let t(m) = 13*m - 5. Let l be t(5). Calculate the greatest common factor of l and a.
20
Let s = 47 + 27. Suppose 2*q + 2*j + 2*j = 80, -s = -2*q - j. Let z = 39 - q. What is the highest common factor of z and 6?
3
Let z = -5502 - -6327. What is the greatest common divisor of 975 and z?
75
Let x(j) = j**2 - 4*j - 20. Let t(g) = g. Let l(u) = -4*t(u) - x(u). Let w be l(-5). Let r be 36/(-30)*w*1. Calculate the highest common divisor of 54 and r.
6
Let y be ((-125)/10)/(1/(48/(-20))). What is the highest common divisor of 2700 and y?
30
Suppose 5*c + 376 - 64 = 3*j, c + 201 = 2*j. What is the highest common divisor of j and 363?
33
Let u be -17 + 4 + (-1 - -4). Let h be (3 - (u + 2)) + -2. Let s = -1284 - -1285. What is the greatest common factor of s and h?
1
Let z be (-1)/(-4) + -3*6246/(-24). What is the greatest common divisor of z and 11?
11
Suppose 0 = 10*l - 1 - 9. Let x be (l - -21)*(-15)/(-10). What is the greatest common divisor of 22 and x?
11
Let i be (-1 - 59)*-7*(-2014)/(-665). What is the greatest common divisor of 48 and i?
24
Let b(h) = h**3 + 11*h**2 + 50*h + 418. Let z be b(-9). What is the greatest common divisor of z and 754?
26
Let l(n) = 364*n + 2987. Let z be l(-8). Calculate the highest common factor of 6675 and z.
75
Suppose 0 = -3*y + 8*y + 50. Let k = y - -13. Suppose 3*t - 792 = -k*t. What is the greatest common divisor of t and 12?
12
Let d = 3448 + -3226. What is the highest common factor of d and 2997?
111
Let j(y) = y + 16. Let p be j(-9). Suppose -3*t - 4 = -p*t. Let i = t + 10. Calculate the highest common divisor of i and 99.
11
Let h be 9/3*116/48*4. What is the greatest common divisor of 7656 and h?
29
Let l(b) = 14*b**3 - 3*b**2 + 1. Let f be 1/((-7)/(-7) + 0 + 0). Let w be l(f). Let i = 27 - 15. What is the greatest common factor of i and w?
12
Suppose 9 = -3*a + 24. Let v(r) = -60*r**3 - r**2 - 16*r - 16. Let u be v(-1). Let f = u - a. Calculate the highest common factor of 18 and f.
18
Suppose -v = 2*n - 260, 4*n = 8*v + 2*v + 520. Calculate the highest common divisor of n and 832.
26
Let l(s) = s**3 + 10*s**2 - 24*s + 6. Let a be l(-12). Suppose a*i = 41 + 13. Suppose -i*w = 1 - 28. What is the highest common factor of w and 27?
3
Suppose -138*i + 140*i = 3*f - 50, f = -i + 20. Calculate the greatest common factor of f and 6174.
18
Let c(g) = g**2 - 27*g + 12. Let d(p) = -9*p - 2. Let b be d(2). Let f be c(b). What is the greatest common factor of f and 68?
68
Suppose -8*g + 423 + 1440 = 183. What is the greatest common divisor of g and 4080?
30
Suppose -22 = 8*c - 6. Let o be (52/(-8) + 0)/c*4. Let w(d) = -14*d**3 - 2*d**2 - 2*d - 1. Let f be w(-1). Calculate the greatest common divisor of o and f.
13
Let s = 163 + 507. Let l = -583 + s. Calculate the highest common divisor of l and 1305.
87
Let o be ((3 - 503)*(-40)/(-32))/((-2)/4). What is the greatest common divisor of o and 450?
50
Suppose -40 = -4*s - 4*u, -3*u - 7 = -s - 5*u. Suppose s = -3*q + 19. Let z be 17 + (5 - (1 + q)). Calculate the greatest common factor of z and 95.
19
Let a = -30 + 42. Let z be ((-729)/(-90))/(117/780). What is the highest common factor of a and z?
6
Let i(p) = -225*p + 8 - 77*p - 17 + 4 - 29. Let b be i(-3). Calculate the highest common divisor of 109 and b.
109
Let s be (((-6)/(-4))/1)/(765/14280). Let x = 13 + -9. What is the highest common divisor of x and s?
4
Suppose 5*q + 3 = -z + 144, -3*q - 2*z + 86 = 0. Suppose -6*b + 124 = q. Suppose -200 = -34*v + 29*v. What is the highest common divisor of b and v?
8
Let a(n) = n**3 + 33*n**2 - 4*n - 48. Let u(o) = 6*o + 123. Let j be u(-26). Let v be a(j). Calculate the highest common factor of 12 and v.
12
Suppose -4*v - f - 264 = 0, -6*v + 2*v - 264 = 3*f. Let m = -41 - v. Suppose -6*d + d + 50 = 0. What is the greatest common divisor of m and d?
5
Let i(n) = -3*n + 16. Let f(j) = j**3 + 5*j**2 + 2*j + 12. Let l be f(-5). Let d be i(l). Calculate the highest common factor of 90 and d.
10
Let k = -2 + 6. Suppose 153 - 17 = k*v. Suppose 0 = -5*u + 118 + 91 + 131. Calculate the greatest common divisor of u and v.
34
Suppose 0 = 3*o + 3*m - 532 - 719, -4*o - m + 1677 = 0. What is the greatest common factor of 520 and o?
20
Let v(o) be the third derivative of o**4/8 - 14*o**3/3 + 24*o**2. Let f be v(6). Let j be (252/(-105))/(2/f). What is the highest common divisor of 108 and j?
12
Let x(w) = -w**3 + 10*w**2 - 6*w - 13. Let s be x(8). Let g = 73 - s. Suppose 2*d - 336 = -6*d. What is the greatest common factor of d and g?
6
Suppose -2*i - 5*p + 48 = -90, 2*i - 2*p = 124. Suppose 0*k + i = 8*k. Suppose 21*q + k = 25*q. Calculate the greatest common divisor of q and 4.
2
Let b = 18 + 16. Suppose -3*n + 43 = b. Suppose s - 4*s + n = 0, -982 = -5*i - 2*s. What is the greatest common factor of i and 49?
49
Suppose 4*u + w - 798 = 966, 0 = -u + 2*w + 441. Calculate the highest common divisor of 630 and u.
63
Let v be -42*((-6)/7 + 0). Let y = 58 + -53. Suppose y*w - w + 4*x = 12, 0 = -x - 1. What is the greatest common factor of w and v?
4
Let q = 26792 - 25037. Calculate the highest common divisor of 1287 and q.
117
Suppose d = 5*h + 61 + 73, 0 = 5*h - 5. Suppose d*q - 50 = 134*q. What is the highest common divisor of 130 and q?
10
Let j be (26/(-3) - -2)*(-6)/5. Suppose -j*b - 270 = -11*b. Let q(t) = 37*t**2 + t. Let h be q(-1). What is the highest common divisor of h and b?
18
Let z(g) = g**3 + 2*g - 1. Let v(k) = -4*k**3 - 6*k**2 - 3*k + 46. Let x(w) = -v(w) - 6*z(w). Let r be x(-5). What is the greatest common divisor of 15 and r?
15
Suppose 9964*l - 9999*l = -302330. Calculate the highest common factor of l and 56.
14
Suppose -32 - 55 = -34*j + 15. What is the greatest common factor of 256 and j?
1
Suppose -71*m + 659686 - 229630 = 127*m. Calculate the greatest common divisor of m and 84.
12
Let s be -19*(1/(-2) - (-21)/(-6)). Let h be (-4)/5*5/(-2). What is the highest common factor of s and h?
2
Suppose 61688 = 16*x - 80296. Calculate the greatest common divisor of 290 and x.
58
Let u = -153 + 168. Suppose 4*l = u*l - 77. What is the highest common divisor of 4 and l?
1
Let m = 235 - 203. Suppose 0 = -3*o + o + 288. Calculate the greatest common divisor of m and o.
16
Let w(p) = 41*p - 9. Let v be w(-3). Let b be (-2 - -1)/(1 + v/129). Let k = -23 + b. Calculate the greatest common factor of 140 and k.
20
Suppose 4*w - 30 = -w. Let p(t) = t**2 - 3*t + 1. Let v be p(4). Let b be v/(-10)*(10 + -2) + 40. Calculate the greatest common factor of b and w.
6
Suppose 198*w - 193*w - 137 = -3*a, -5*a - 5*w = -225. What is the greatest common factor of a and 781?
11
Let z(h) = 55*h - 122. Let w be z(14). Suppose -w = -62*q + 56*q. What is the highest common divisor of 72 and q?
36
Let v = -420 + 483. Let p(w) = -w**2 - 5*w + 5. Let z be p(-6). Let u = z - -8. Calculate the greatest common factor of v and u.
7
Let j = 162 - 171. Let k be ((-17)/4 - -3)*j*8. Calculate the greatest common divisor of k and 18.
18
Let m(u) = -u**2 + 8*u. Let t be m(4). Let i = -364 + 364. Suppose n - 9*n + 192 = i. Calculate the highest common factor of t and n.
8
Let v = 225 - 206. Let x(j) = j**3 - 21*j**2 + 36*j + 46. Let w be x(v). What is the greatest common factor of 1 and w?
1
Let n(z) = -6*z**3 + z**2 + 7*z + 5. Let a be n(-1). Let b be (-12 - (-40)/a)*-12. Calculate the highest common divisor of 80 and b.
16
Let y(x) = 